{"id":459,"date":"2025-08-05T15:50:36","date_gmt":"2025-08-05T14:50:36","guid":{"rendered":"https:\/\/ur-tango.ch\/?page_id=459"},"modified":"2025-08-05T18:32:22","modified_gmt":"2025-08-05T17:32:22","slug":"hintergruende-zum-ur-tango","status":"publish","type":"page","link":"https:\/\/ur-tango.ch\/?page_id=459","title":{"rendered":"Hintergr\u00fcnde zum UR-Tango"},"content":{"rendered":"\n<figure class=\"wp-block-image alignleft size-large is-resized\"><img loading=\"lazy\" decoding=\"async\" width=\"860\" height=\"1024\" src=\"https:\/\/ur-tango.ch\/wp-content\/uploads\/2025\/08\/Tango-Real-860x1024.jpg\" alt=\"\" class=\"wp-image-470\" style=\"width:254px;height:auto\" srcset=\"https:\/\/ur-tango.ch\/wp-content\/uploads\/2025\/08\/Tango-Real-860x1024.jpg 860w, https:\/\/ur-tango.ch\/wp-content\/uploads\/2025\/08\/Tango-Real-252x300.jpg 252w, https:\/\/ur-tango.ch\/wp-content\/uploads\/2025\/08\/Tango-Real-768x914.jpg 768w, https:\/\/ur-tango.ch\/wp-content\/uploads\/2025\/08\/Tango-Real-1290x1536.jpg 1290w, https:\/\/ur-tango.ch\/wp-content\/uploads\/2025\/08\/Tango-Real-1721x2048.jpg 1721w\" sizes=\"auto, (max-width: 860px) 100vw, 860px\" \/><\/figure>\n\n\n\n<p><em>Der Tango<\/em> ist Ende des 19. Jahrhunderts in Buenos Aires und Montevideo entstanden. <\/p>\n\n\n\n<p>Er ist Musik und Tanz zugleich, und hat sp\u00e4testens seit den 80-er Jahren des 20. Jahrhunderts die ganze Welt erobert. In der sogenannten goldenen Epoche des Tangos zwischen etwa 1935 und 1950 entstanden viele noch heute ber\u00fchmte Orchester.<br>Im Jahre 2009 wurde der Tango zum Kulturerbe der Menschheit erkl\u00e4rt.<br>Eine typische Tangomusikgruppe besteht aus Bandoneon, Violine, Klavier und Kontrabass.<\/p>\n\n\n\n<p>Aus der Begegnung der beiden Tanzmusiken argentinischer Tango und Urner Volksmusik entsteht ein neuer Musikstil, der UR-Tango. Die&nbsp;Urner Bev\u00f6lkerung ist dabei&nbsp;eingeladen, am kreativen Prozess teilzuhaben und die Entwicklung mitzugestalten.<\/p>\n\n\n\n<figure class=\"wp-block-image alignfull size-large\"><img loading=\"lazy\" decoding=\"async\" width=\"1024\" height=\"376\" src=\"https:\/\/ur-tango.ch\/wp-content\/uploads\/2017\/12\/konzert-ur-tango-203-1024x376.jpg\" alt=\"\" class=\"wp-image-5\" srcset=\"https:\/\/ur-tango.ch\/wp-content\/uploads\/2017\/12\/konzert-ur-tango-203-1024x376.jpg 1024w, https:\/\/ur-tango.ch\/wp-content\/uploads\/2017\/12\/konzert-ur-tango-203-300x110.jpg 300w, https:\/\/ur-tango.ch\/wp-content\/uploads\/2017\/12\/konzert-ur-tango-203-768x282.jpg 768w, https:\/\/ur-tango.ch\/wp-content\/uploads\/2017\/12\/konzert-ur-tango-203.jpg 1519w\" sizes=\"auto, (max-width: 1024px) 100vw, 1024px\" \/><\/figure>\n\n\n\n<p>Die Begegnung findet auf verschiedenen Ebenen statt:<\/p>\n\n\n\n<ul class=\"wp-block-list\">\n<li>in der Arbeit mit Laienmusikern aus dem Kanton Uri<\/li>\n\n\n\n<li>in einer Folge von Begegnungen des Tangopianisten Robert Schmidt mit Urner Volksmusikern, in denen in einem kreativen Prozess der Austausch zwischen Tango und Volksmusik stattfindet und als deren Ergebnis Kompositionen von Urner Tangomusik, die UR-Tangos, entstehen<\/li>\n\n\n\n<li>in Konzerten von Berufsmusikern der beiden Genres Tango Argentino und Urner Volksmusik, in denen die Musiken zun\u00e4chst vorgestellt und am Projektende der UR-Tango pr\u00e4sentiert wird<\/li>\n\n\n\n<li>Dokumentation des musikalischen Ergebnisses durch die Produktion einer CD und eines Notenheftes.<\/li>\n<\/ul>\n\n\n\n<p>Bei entsprechender Beteiligung durch Urner Volksmusiker ist nicht ausgeschlossen, dass in Buenos Aires, der Entstehungsst\u00e4tte des Tango Argentino, Notiz genommen wird von der Weiterentwicklung des Tango Argentino in Uri. So k\u00f6nnte es passieren, dass Buenos Aires \u2013 und weitere Orte, in denen der Tango Argentino heute besonders aktiv gepflegt wird \u2013 \u201enach Uri schielen\u201c<\/p>\n\n\n\n<p><em>Die Volksmusik der Zentralschweiz<\/em> ist aus der Tanzmusik des 19. Jahrhunderts entstanden. Ab etwa 1900 bezeichnet der typische L\u00e4ndler neben dem \u00be Takt auch weitere einfache Rhythmen wie Schottisch, Polka, Marsch, Mazurka und Foxtrott.&nbsp; Sehr selten gab es einen L\u00e4ndler-Tango. Dieser konnte sich damals nicht etablieren. Eine typische modernere Besetzung einer L\u00e4ndlerkapelle besteht&nbsp; aus Klarinette, Schwyzer \u00d6rgeli, Kontrabass und Klavier.<\/p>\n\n\n\n<p>Hier setzt das Projekt <em>UR-Tango <\/em>an: Sowohl der Tango als auch der L\u00e4ndler sind Instrumental- als auch Tanzmusik, etwa zur gleichen Zeit entstanden und in beiden Kulturen fest verankert. In beiden Musiken sind ein Handzuginstrument, hier das Schwyzer \u00d6rgeli, dort das Bandoneon und weitere Melodieinstrumente wie Klarinette und Violine vertreten. Und: auch der heute vorwiegend melancholische Tango Argentino war urspr\u00fcnglich einmal fr\u00f6hlich.<\/p>\n\n\n\n<p>Die Urner Bev\u00f6lkerung wird mit dem Projekt UR-Tango eingeladen, den Tango als Tanz und Musik zu erleben und zu erlernen und die Entstehung eines neuen Urner Tangos, des UR-Tangos zu begleiten.<\/p>\n\n\n\n<p><\/p>\n","protected":false},"excerpt":{"rendered":"<p>Der Tango ist Ende des 19. Jahrhunderts in Buenos Aires und Montevideo entstanden. Er ist Musik und Tanz zugleich, und [&hellip;]<\/p>\n","protected":false},"author":1,"featured_media":0,"parent":0,"menu_order":0,"comment_status":"closed","ping_status":"closed","template":"","meta":{"site-sidebar-layout":"default","site-content-layout":"","ast-site-content-layout":"default","site-content-style":"default","site-sidebar-style":"default","ast-global-header-display":"","ast-banner-title-visibility":"","ast-main-header-display":"","ast-hfb-above-header-display":"","ast-hfb-below-header-display":"","ast-hfb-mobile-header-display":"","site-post-title":"","ast-breadcrumbs-content":"","ast-featured-img":"","footer-sml-layout":"","theme-transparent-header-meta":"","adv-header-id-meta":"","stick-header-meta":"","header-above-stick-meta":"","header-main-stick-meta":"","header-below-stick-meta":"","astra-migrate-meta-layouts":"default","ast-page-background-enabled":"default","ast-page-background-meta":{"desktop":{"background-color":"var(--ast-global-color-5)","background-image":"","background-repeat":"repeat","background-position":"center center","background-size":"auto","background-attachment":"scroll","background-type":"","background-media":"","overlay-type":"","overlay-color":"","overlay-opacity":"","overlay-gradient":""},"tablet":{"background-color":"","background-image":"","background-repeat":"repeat","background-position":"center center","background-size":"auto","background-attachment":"scroll","background-type":"","background-media":"","overlay-type":"","overlay-color":"","overlay-opacity":"","overlay-gradient":""},"mobile":{"background-color":"","background-image":"","background-repeat":"repeat","background-position":"center center","background-size":"auto","background-attachment":"scroll","background-type":"","background-media":"","overlay-type":"","overlay-color":"","overlay-opacity":"","overlay-gradient":""}},"ast-content-background-meta":{"desktop":{"background-color":"var(--ast-global-color-4)","background-image":"","background-repeat":"repeat","background-position":"center center","background-size":"auto","background-attachment":"scroll","background-type":"","background-media":"","overlay-type":"","overlay-color":"","overlay-opacity":"","overlay-gradient":""},"tablet":{"background-color":"var(--ast-global-color-4)","background-image":"","background-repeat":"repeat","background-position":"center center","background-size":"auto","background-attachment":"scroll","background-type":"","background-media":"","overlay-type":"","overlay-color":"","overlay-opacity":"","overlay-gradient":""},"mobile":{"background-color":"var(--ast-global-color-4)","background-image":"","background-repeat":"repeat","background-position":"center center","background-size":"auto","background-attachment":"scroll","background-type":"","background-media":"","overlay-type":"","overlay-color":"","overlay-opacity":"","overlay-gradient":""}},"_themeisle_gutenberg_block_has_review":false,"footnotes":""},"class_list":["post-459","page","type-page","status-publish","hentry"],"_links":{"self":[{"href":"https:\/\/ur-tango.ch\/index.php?rest_route=\/wp\/v2\/pages\/459","targetHints":{"allow":["GET"]}}],"collection":[{"href":"https:\/\/ur-tango.ch\/index.php?rest_route=\/wp\/v2\/pages"}],"about":[{"href":"https:\/\/ur-tango.ch\/index.php?rest_route=\/wp\/v2\/types\/page"}],"author":[{"embeddable":true,"href":"https:\/\/ur-tango.ch\/index.php?rest_route=\/wp\/v2\/users\/1"}],"replies":[{"embeddable":true,"href":"https:\/\/ur-tango.ch\/index.php?rest_route=%2Fwp%2Fv2%2Fcomments&post=459"}],"version-history":[{"count":9,"href":"https:\/\/ur-tango.ch\/index.php?rest_route=\/wp\/v2\/pages\/459\/revisions"}],"predecessor-version":[{"id":474,"href":"https:\/\/ur-tango.ch\/index.php?rest_route=\/wp\/v2\/pages\/459\/revisions\/474"}],"wp:attachment":[{"href":"https:\/\/ur-tango.ch\/index.php?rest_route=%2Fwp%2Fv2%2Fmedia&parent=459"}],"curies":[{"name":"wp","href":"https:\/\/api.w.org\/{rel}","templated":true}]}}